1) to base 3
11122210101220
Convert 1000100111111011 (base 2) to base 10.
35323
What is 364517 (base 8) in base 10?
125263
What is -211024 (base 10) in base 16?
-33850
13244113 (base 5) to base 6
2513403
Convert 1213748 (base 9) to base 3.
1020110211122
-75158 (base 12) to base 7
-1210664
Convert 1001111100010100010001 (base 2) to base 13.
703429
What is -6324 (base 7) in base 14?
-b4b
What is -e5ee7 (base 16) in base 12?
-395033
Convert 22312101220 (base 4) to base 11.
167260a
What is 22425225 (base 8) in base 6?
252102341
What is -5919135 (base 10) in base 4?
-112211012133
16361463 (base 8) to base 12
132b52b
Convert -26537357 (base 8) to base 4.
-112223323233
What is -10353730 (base 9) in base 8?
-23035166
What is -2143241 (base 7) in base 3?
-111100120202
What is 542234 (base 7) in base 12?
467a8
What is a171e (base 16) in base 8?
2413436
What is 100100100100110011000000 (base 2) in base 13?
1ca9121
Convert 1111111101001011011000 (base 2) to base 8.
17751330
What is 2615162 (base 7) in base 6?
11143405
What is 1035415042 (base 6) in base 2?
101010101010100010100010
100a38 (base 11) to base 3
22020122012
Convert -22111120020 (base 3) to base 2.
-101000110110111000
Convert 12821 (base 9) to base 7.
34216
What is 61b9c5 (base 14) in base 5?
1321004411
208a0 (base 11) to base 6
352320
Convert 201023121011 (base 4) to base 8.
41133105
Convert -101022010000 (base 3) to base 12.
-993b3
What is 6749 (base 11) in base 12?
5186
Convert 587943 (base 16) to base 10.
5798211
-55120 (base 12) to base 2
-11011011101101000
-11022212212 (base 3) to base 11
-59022
-2783cb (base 13) to base 4
-3222203323
What is 13353116 (base 7) in base 16?
12ebc7
Convert -106462213 (base 7) to base 16.
-63fe23
-264804 (base 10) to base 8
-1005144
What is 18c58d (base 15) in base 4?
10212131311
Convert -10100010110100111011 (base 2) to base 3.
-1020212212110
What is 1002121032 (base 4) in base 7?
2211600
22133202 (base 4) to base 15
cb03
-5bdaa8 (base 15) to base 8
-20621641
32017b7 (base 12) to base 14
1382d87
d8ca1 (base 14) to base 16
7fe4d
e7c27 (base 15) to base 14
151c80
Convert -145192 (base 10) to base 5.
-14121232
1295779 (base 10) to base 8
4742643
-232885 (base 9) to base 3
-21002222212
What is 70183 (base 13) in base 7?
1462453
Convert 5445603 (base 8) to base 4.
11210232003
Convert 5241124 (base 8) to base 13.
39a200
-5a986 (base 13) to base 9
-273235
Convert 24836 (base 14) to base 4.
111311100
What is -331343220 (base 5) in base 13?
-3b2a3c
What is -13511453 (base 8) in base 9?
-5662008
Convert -10011010011111100 (base 2) to base 8.
-232374
What is -142040 (base 10) in base 11?
-97798
What is -120201010100 (base 3) in base 9?
-521110
Convert -101212232 (base 4) to base 2.
-10001100110101110
Convert 109c043 (base 13) to base 9.
10547875
540560 (base 7) to base 9
152752
Convert -1c884 (base 16) to base 2.
-11100100010000100
What is -208782 (base 13) in base 10?
-761451
Convert 362514 (base 7) to base 5.
4101034
What is -310778 (base 11) in base 7?
-4145004
a5097 (base 12) to base 16
34c33
Convert -bcfd28 (base 16) to base 9.
-25266731
What is 1b48b (base 15) in base 13?
31544
What is -212660 (base 7) in base 8?
-110255
Convert 3562134 (base 7) to base 8.
1563064
232110313211 (base 4) to base 7
205136354
-1435883 (base 14) to base 7
-146252623
What is 2036416 (base 7) in base 12?
b9794
What is -2612202 (base 7) in base 15?
-6a81c
-234234034 (base 5) to base 9
-2035681
Convert -f09e0 (base 16) to base 4.
-3300213200
-2bdcc4 (base 16) to base 9
-5361140
Convert -708 (base 11) to base 9.
-1150
Convert -27a2662 (base 12) to base 16.
-78ef2a
Convert -653b57 (base 13) to base 10.
-2379085
What is -253843 (base 9) in base 14?
-40081
What is 76902 (base 11) in base 7?
643155
Convert c2681 (base 15) to base 13.
187342
What is 2674365 (base 9) in base 6?
51232305
Convert 110120041 (base 6) to base 13.
53c863
Convert 6a799 (base 12) to base 11.
98338
What is -1013021113 (base 4) in base 7?
-2322415
Convert -1d05d1 (base 15) to base 7.
-15026335
What is 1440324120 (base 5) in base 12?
1351985
What is -4a2c01 (base 13) in base 4?
-12301320311
Convert -24218b (base 14) to base 16.
-12d8af
What is -201101122002001 (base 3) in base 5?
-10114303112
660433 (base 7) to base 3
12212101121
Convert 4787628 (base 9) to base 6.
131400042
What is 100011001001101001100 (base 2) in base 4?
10121031030
-18045b1 (base 12) to base 9
-10336277
Convert -1a6850 (base 11) to base 6.
-10441050
Convert -11104032 (base 5) to base 16.
-17c70
Convert 1222022220211 (base 3) to base 11.
657724
a27833 (base 16) to base 12
3695983
-108336b (base 12) to base 2
-1100000010111001000011
14503504 (base 6) to base 11
316408
What is -454454 (base 7) in base 9?
-132802
Convert -20036112 (base 7) to base 12.
-67a699
Convert -4b0791 (base 13) to base 7.
-21206456
Convert -14b434c (base 13) to base 16.
-653ff7
-31aae (base 16) to base 12
-99892
Convert 1111011111000011100 (base 2) to base 7.
4212234
-3511322 (base 8) to base 12
-3a086a
Convert 3240414 (base 5) to base 8.
154666
Convert -184878 (base 14) to base 16.
-d16ca
46146 (base 8) to base 11
13770
Convert 1200011022022 (base 3) to base 6.
31015055
232023433 (base 5) to base 14
1d4214
What is -124728 (base 10) in base 7?
-1026432
-15138757 (base 9) to base 10
-7525357
What is 49478 (base 11) in base 15?
1610c
Convert -1443441301 (base 5) to base 16.
-3b5c19
b7895 (base 16) to base 7
6250510
1632471 (base 9) to base 13
259c57
86421 (base 10) to base 7
506646
What is 61889 (base 10) in base 4?
33013001
What is -4364370 (base 8) in base 12?
-487308
What is 216a26 (base 15) in base 5?
401420121
-1324243021 (base 5) to base 14
-633c7c
810dc0 (base 15) to base 11
3506673
Convert 2f7ee (base 16) to base 15.
3c997
Convert -111010011011010110111001 (base 2) to base 11.
-8711499
Convert 413401141 (base 5) to base 4.
12133011023
Convert 83758c (base 14) to base 4.
100323202020
What is 4a18c5 (base 14) in base 11?
1485328
10274224 (base 8) to base 16
217894
What is 40103214 (base 6) in base 11?
700742
Convert 234041210 (base 5) to base 13.
2bac3b
What is -352002 (base 11) in base 3?
-1001101211112
Convert 12355111 (base 6) to base 16.
62ad3
Convert -144cbb (base 13) to base 15.
-9c1a7
Convert 1211102120200 (base 3) to base 11.
604a63
124566 (base 12) to base 6
10215410
Convert 2077116 (base 9) to base 12.
458820
What is 221032203 (base 4) in base 2?
101001001110100011
-254707 (base 16) to base 2
-1001010100011100000111
What is -20a52ba (base 12) in base 8?
-27466556
287307 (base 9) to base 6
3434311
Convert -54357 (base 11) to base 6.
-1405310
Convert 1bc77 (base 14) to base 8.
212621
What is 23124365 (base 8) in base 9?
10406550
What is -bad9dc (base 14) in base 15?
-852d39
What is 1021212122220 (base 3) in base 11?
429836
Convert -332743 (base 8) to base 13.
-3c040
What is 2210113033 (base 4) in base 5?
133020411
1477187 (base 9) to base 13
228919
What is 555012 (base 8) in base 2?
101101101000001010
-8348100 (base 10) to base 3
-120201010102220
40b344 (base 14) to base 13
5b5300
What is -3516061 (base 11) in base 10?
-6142632
Convert 110445003 (base 7) to base 15.
8ba599
-39619 (base 13) to base 6
-2141004
What is 1002020221 (base 4) in base 5?
32132024
Convert 1484881 (base 14) to base 15.
d28312
What is -63736 (base 10) in base 6?
-1211024
-22212122212 (base 3) to base 16
-2aa79
-2111222320 (base 4) to base 14
-11d5b2
Convert -1662241 (base 8) to base 15.
-9885d
c4488 (base 13) to base 7
2665065
30201a0 (base 11) to base 16
518bc4
Convert -232311322 (base 4) to base 6.
-4040134
What is -20243330 (base 5) in base 4?
-220121121
-4252325 (base 9) to base 16
-22c3f7
What is -1011110111010110000 (base 2) in base 15?
-7a2de
Convert -de4 (base 15) to base 7.
-12103
Convert 198272 (base 13) to base 9.
1184555
3162859 (base 10) to base 15
427224
437605 (base 10) to base 4
1222311211
What is -101201020211202 (base 3) in base 10?
-5693375
76fe8 (base 16) to base 7
4066664
What is 43849c (base 13) in base 15?
215d41
-4402210 (base 6) to base 13
-78447
14515343 (base 6) to base 3
221210210000
34320042 (base 5) to base 4
1023011002
Convert 130510061 (base 7) to base 13.
1954b0b
What is -25066111 (base 8) in base 13?
-11b941a
Convert -2106753 (base 8) to base 10.
-560619
-2473